 + 49 - -43 - 74.
-29
Evaluate 6 - 2 - (-484 - -457 - (-24 - 3)).
4
What is -33 + (28 - -25) - (-44 + 3)?
61
Evaluate (-789 - -882) + -46 + -2.
45
Calculate -18 + (-6 - (-6 + -9)) - (2 - -16).
-27
Evaluate -16 - (6 - (18 + 11)).
7
What is (-7 + -29 - (-54 + 61 + 0 + -5)) + -4?
-42
6 + (7 - 9 - -2) + -29 + (9 - 15)
-29
-103 + (-5 - (-121 + 56))
-43
What is the value of -21 - -75 - 114 - -26?
-34
What is the value of 140 + -169 + 64 + -19?
16
What is 42 + -26 + -5 - ((-2 - 77) + -3 + 9)?
84
Calculate 43 + -34 + (-8 - -7) + -32.
-24
What is the value of -14 + -34 + (-4 - -102)?
50
What is the value of (-1 - -2 - -2) + 132 + -118 + 0 + 9?
26
2 + -22 - ((4 + 1 - -6) + 0 + -1)
-30
-3 + 11 - (-14 + (11 - -26))
-15
(-5 - (1 + -2)) + 30 + (-13 - 21) - -5
-3
What is the value of 0 - (-9 - ((-13 - 10) + -18))?
-32
Calculate (87 - (176 + -83)) + -67.
-73
-13 + -2 - (20 - (59 + -153))
-129
What is the value of -10 + 0 + (-11 - (2 + 11 - 16 - 47))?
29
Calculate -128 + 194 - ((-10 - -5) + 47).
24
What is the value of (-5 + 15 - 23) + 94 + 10?
91
21 + -78 + 112 - -1
56
What is (-12 - (49 - -54) - 12) + (-10 + -3 - -3)?
-137
Evaluate -26 + 7 + -5 + 83 + -7.
52
Calculate 7 + 17 + (116 - 107) + 0 + 20.
53
What is the value of -80 - -64 - (-8 + -80)?
72
What is the value of (17 - 2 - (-1 + 2)) + -71 + -211 + 207?
-61
What is -35 - (176 + -6 + -110)?
-95
What is 179 + -64 + (-4 - 54)?
57
Evaluate 133 + (93 - 8 - 39) + -43.
136
What is the value of -22 + (19 - 16) + -7 + -15?
-41
Evaluate (-13 - (-13 + 28 + -2 - 15 - -2)) + 84.
71
What is -2 + -83 + -8 + 40?
-53
Evaluate 16 - ((-30 + -5 - -19) + 3).
29
-58 - (-11 + -19 - -13)
-41
Evaluate 45 + 1 + (-1 - 22 - (616 + -631)).
38
Evaluate 2 + (19 - 66 - -42).
-3
Calculate -12 + (38 - (-21 + 73)) - (1 + -8 - -1).
-20
Calculate (3 - 57) + (-50 + -13 - -79).
-38
What is the value of (2 - 19) + (-38 + (-7 - (2 - 19)) - -13)?
-32
What is the value of 8 + (-22 - (-21 + 29 - 19))?
-3
-37 + (92 + -100 - (3 + 2))
-50
Calculate (-1 - -7) + (-103 - 1) + -1 + -1201 + 1209.
-91
What is the value of 41 + (-19 - ((24 - -8) + -21))?
11
Calculate (34 - (-113 + 267)) + 2 + 28.
-90
Evaluate 3 - 2 - 8 - (219 + (-380 - -229)).
-75
(-47 - -6) + 60 - 17 - (-1 - -15)
-12
What is the value of 65 + -100 + -21 + 15?
-41
What is the value of 6 + (2 - (9 - -13 - 4)) + 57 + -2?
45
87 + -60 + -34 + 67
60
Calculate -1 + 109 + -101 - -121.
128
-147 + 181 + (16 - (-2 + 3))
49
Calculate -42 - (3 - -31) - -95.
19
What is (-1412 - -1344) + (159 - -2)?
93
Calculate -37 - (-4 + -44) - 19.
-8
What is 0 + 12 - (-226 - -260)?
-22
Evaluate -8 + (18 - -50) + -7 + (6 - -2).
61
What is the value of (58 + -18 - (-5 + -2)) + (-11 + 8 - 4)?
40
What is the value of (-28 - (1 + 4)) + -7 + (-6 - (-6 - -2))?
-42
Calculate (-54 - -40 - -2) + (-2 - -53).
39
What is the value of (10 - (-21 - -36)) + (9 + -3 - -5) - -45?
51
What is (-42 + 67 - 173) + 15 + 21?
-112
What is the value of 4 - -36 - (-120 - -127)?
33
Calculate 2437 + -2428 - (5 - (-1 + 0)).
3
What is the value of -81 + (2 - (-16 + 28)) + 16 - (0 + -2)?
-73
What is (-8 - 37) + 20 + -8?
-33
What is (-12 + 17 + 9 + -4 - (-17 - 56)) + -2?
81
-62 + 105 + -76 + -65
-98
What is the value of (6 - (4 + 9)) + (-56 - (8 + 0)) + -4?
-75
Calculate 0 - 5 - ((-34 - 2) + (11 - 0) - 3).
23
Evaluate (-1 - -1) + -4 - (-3511 + 3477).
30
Evaluate -4578 + 4544 - (-2 + 1 - 8).
-25
What is (0 + 28 - (-17 + 6 + (-5 - -10))) + -8?
26
What is the value of -35 - -22 - 17 - -30 - 17?
-17
Evaluate -161 + -7 + -91 + 179.
-80
What is the value of 48 + (-14 + (-5 - -15) + -6 + 0 - -6)?
44
-7 + (6 - 22) - 49
-72
Calculate 7 + 5 + (-2 - -8 - -13).
31
What is the value of 42 - (129 - (112 + -27))?
-2
-50 + (-3 - (-3 + -6 + 4 - -4)) - 8
-60
What is the value of (-44 + 34 - -59) + (6 - (16 + -9))?
48
-10728 + 10748 + 2 + -39
-17
Evaluate -74 - -20 - (22 - 105).
29
73 + -58 + (-4 - -71) - 7
75
1 + -13 + -1300 + 1373
61
Calculate -3 + -5 + 37 + -5 + 17 + -3 + -3.
35
Calculate 128 + -130 + 49 + -172.
-125
Evaluate 2 + -1 + -9 - (87 + -28 + (16 - 9)).
-74
(-7 - -13) + 9 + (5 - (7 + 14 - -21))
-22
Evaluate 52 + -53 - -4 - -11.
14
Evaluate (4 - -14 - (27 - 4)) + -16 + (0 - -1).
-20
What is 0 - (0 - 4 - -5) - (-50 - (-113 + 40))?
-24
Calculate -7 - (-23 + (8 + 7 - -4 - 13)).
10
Calculate 22 - (-7 + (22 - (38 + -18))).
27
17 + -3 - (4 - (18 - (-18 - -72)))
-26
What is 0 + 1 + 63 + (-94 - -29)?
-1
Calculate -2 - (21 - 20 - 4) - -53.
54
Evaluate (23 + (-31 - -10) - 71) + 37.
-32
-1 + 5 + 0 - (138 + -126) - (-1 - 70)
63
What is the value of -8 - ((15 - (-11 - -48)) + (9 - -2) + -3)?
6
Evaluate -71 + 21 + 18 + (6 - 107).
-133
Evaluate (-51 - (-17 - -39)) + 113.
40
-6 + (-7 - (9 - 2 - (18 - (38 + -22))))
-18
-32 + (-1 + 77 - (-1222 - -1202))
64
Evaluate -39 + (-14 - (54 - 1 - -17)).
-123
Calculate -8 - ((-12 + 2 - (8 + (-27 - -2))) + 40).
-55
What is the value of 33 + (-35 - -93) + -31 - -21?
81
46 + (-3 - (46 + -35))
32
Evaluate 3 + -10 + (16 - -5) + -9 + 12.
17
What is the value of 0 + 1 - 77 - ((191 - -241) + -438)?
-70
Calculate 93 + 53 + 29 + -94.
81
(-3 - (31 + -22) - -27) + -20 - 6
-11
Calculate 5 + 1 - (-246 - -296 - (-1 - (16 + -2))).
-59
Calculate 57 - ((-30 - -66) + -56).
77
Evaluate 1 - 0 - ((10 - 0) + -12) - (-5 - 15).
23
What is the value of -8 + 30 + -55 + 33 + -20?
-20
Calculate (-1 + 5 + 3 + -4 - 1 - 10) + -5.
-13
What is the value of 9 + (-7 + -19 + 19 - (-3 - 0)) - 65?
-60
Calculate 0 + 24 + (-2718 - -2650).
-44
What is (78 - (12 + 88)) + (36 - 3)?
11
Evaluate (-5 - (-2 + 1) - (-28 + 21)) + -3.
0
What is 6 + (-40 + -6 + 35 - -13)?
8
What is the value of (44 + 4 - 20 - -3) + (0 - -3)?
34
Calculate -25 + (-77 - -85) + 55.
38
18 + -9 + -31 - ((13 - 21) + 4 + -5)
-13
What is the value of (1 - 12) + 51 + (41 - 1) + -36?
44
-8 - (9 + -2 + 2 + 0 + -10 + 14)
-21
What is the value of -4 + -2 + (1 + 0 + 9 - 4) + -2?
-2
(-6 - 5) + 21 - -29
39
Evaluate -2435 + 2402 - (1 - 74).
40
(-2 - 4) + -23 - (-12 + (4 - -11))
-32
-824 - -783 - (-22 + -3)
-16
-3 + 32 - (3 - -3 - (-6 + (-4 - -10)))
23
-7 + (-11 - -7) + 8 + -9 - 3
-15
What is the value of 6 + -2 - (101 - (-113 - -146))?
-64
42 - -3 - (-24 - -26) - (8 - 6)
41
Calculate -10 - (28 + -34 + -14) - -57.
67
Calculate -24 - -8 - (172 - 146).
-42
What is the value of -6985 + 7110 + 1 + -249?
-123
Evaluate 2 + (2 + (-3 - 0) - -54) + (38909 - 38918).
46
12 + (-6 - 1) + -22 - -31
14
What is -10 + (16 - 16) - ((2 - -1) + -5) - -18?
10
-3112 - -3070 - (-1 - (3 - 1))
-39
What is the value of -57 + 1 + -1 - (-25 + 48 + -1 + -26)?
-53
Calculate -39 + 5 + -4 - (7 - 37).
-8
5 + -3 - -9 - (30 + -45 + 1)
25
Evaluate -4 - 7 - (24 + (-8 - 2 - 3)).
-22
(7 + -13 + 19 - (14 + 0)) + -44
-45
(515 - 505) + (0 - 30) + 18
-2
Calculate -2 + (3 - -14) - 2 - (229 - (153 + -65)).
-128
Calculate (19 - (12 + -1 + -4)) + (8 + 19 - -63).
102
5 - 8 - (-9 + -4 + (25 - (0 + -9)))
-24
Evaluate -3 + -2 + 2 + -4 + 10 + (195 - 140).
58
What is the value of 122 + -109 + -73 + 16 + -9?
-53
What is the value of 28 - (-8 + -4 + 17 + 54 + -47)?
16
Calculate 1 + 65 + (283 - 273) + (-16 - 1).
59
What is the value of -31 + 15 - (-87 + 91)?
-20
Calculate 9 - (-4 - 0 - -2) - (115 + -41 - 40).
-23
What is the value of -3 + (-9 - 4) + -11 + -73 + 39?
-61
Calculate 58 + (-159 - -86) - 46.
-61
Calculate (-3 + (2 - (-2 + -1)) - 14) + -1966 + 1914.
-64
-94 + 57 + 44 - 88
-81
22 - (-9 - -13 - (-23 - -4)) - (-1 - 12)
12
What is 65 + 43 + -68 + (0 - -2) + 2 + -17?
27
Calculate 0 + (27 - 4) - (60 - 0).
-37
What is -65 + 2 - (-1773 - -1756)?
-46
(-63 - (26 - 13)) + (1 + 13 - 7)
-69
-2 - -16 - (-3 - 0 - -9 - (9 - 3))
14
(-58 - -51 - (10 + (-5 - 12))) + -57
-57
(2 - (53 + 30 - (-3 + -1))) + (-6 - -4)
-87
What is (6 - (12 + -2 - -6) - -1) + 88 + -2?
77
-8 - -17 - -2 - (19 - 27)
19
8 + -14 - (-4 + 0) - (-700 - -720)
-22
What is the value of -62 - (5 - ((13 - 26) + (-7 - -13)))?
-74
What is 23 + -8 + 31 + -34 + 6?
18
What is (69 - (115 - 35)) + 22 + (-1 - (-3 + 3))?
10
What is 4 + (-20 - -12) + 9 + -10 + (-8 - 7)?
-20
Calculate -93 + 43 + -148 + 97.
-101
What is the value of 100 + 3 + -16 + -15 + -11 + 1?
62
Calculate -14 + -8 + 23 + 12 - (122 - 8).
-101
What is the value of -116 - (-31 + 19 + (25 - 6 - 5) + -15)?
-103
(-3 - (16 + -6 - 0 - 14)) + (-108 - -13)
-94
Calcul